lculate the remainder when 19382 is divided by 1608.
86
Calculate the remainder when 3828 is divided by 375.
78
Calculate the remainder when 36082 is divided by 880.
2
What is the remainder when 586 is divided by 3?
1
What is the remainder when 1234070 is divided by 2387?
2378
What is the remainder when 67859 is divided by 39?
38
What is the remainder when 20972 is divided by 39?
29
Calculate the remainder when 75054 is divided by 1203.
468
What is the remainder when 9467 is divided by 499?
485
Calculate the remainder when 729 is divided by 26.
1
What is the remainder when 313397 is divided by 26?
19
What is the remainder when 4600 is divided by 1125?
100
What is the remainder when 252470 is divided by 4855?
10
Calculate the remainder when 3763 is divided by 169.
45
What is the remainder when 4119 is divided by 26?
11
Calculate the remainder when 613233 is divided by 5.
3
What is the remainder when 85392 is divided by 378?
342
What is the remainder when 14639691 is divided by 43?
40
What is the remainder when 639 is divided by 94?
75
What is the remainder when 539 is divided by 80?
59
What is the remainder when 66092 is divided by 8?
4
Calculate the remainder when 13977 is divided by 675.
477
What is the remainder when 11189 is divided by 802?
763
What is the remainder when 4986 is divided by 1409?
759
What is the remainder when 73313 is divided by 341?
339
Calculate the remainder when 6509 is divided by 210.
209
Calculate the remainder when 17021 is divided by 16704.
317
What is the remainder when 2141 is divided by 53?
21
Calculate the remainder when 1268 is divided by 304.
52
Calculate the remainder when 18885 is divided by 496.
37
Calculate the remainder when 3456 is divided by 53.
11
Calculate the remainder when 1096853 is divided by 9.
5
Calculate the remainder when 399810 is divided by 997.
13
Calculate the remainder when 19124 is divided by 92.
80
Calculate the remainder when 2638 is divided by 275.
163
What is the remainder when 10978 is divided by 91?
58
Calculate the remainder when 131641 is divided by 125.
16
What is the remainder when 46845 is divided by 426?
411
Calculate the remainder when 9356 is divided by 283.
17
Calculate the remainder when 123188 is divided by 272.
244
What is the remainder when 26594 is divided by 18?
8
Calculate the remainder when 1145502 is divided by 123.
3
Calculate the remainder when 67214 is divided by 33606.
2
What is the remainder when 12322 is divided by 86?
24
What is the remainder when 183904 is divided by 362?
8
Calculate the remainder when 2308 is divided by 475.
408
What is the remainder when 3654 is divided by 178?
94
Calculate the remainder when 11550 is divided by 11523.
27
Calculate the remainder when 68967 is divided by 22985.
12
Calculate the remainder when 723708 is divided by 8.
4
What is the remainder when 3527 is divided by 7?
6
Calculate the remainder when 19103 is divided by 1243.
458
Calculate the remainder when 378028 is divided by 21.
7
Calculate the remainder when 469117 is divided by 8.
5
What is the remainder when 805 is divided by 68?
57
Calculate the remainder when 9672 is divided by 4314.
1044
Calculate the remainder when 13598 is divided by 7.
4
Calculate the remainder when 5985 is divided by 1456.
161
Calculate the remainder when 224 is divided by 87.
50
Calculate the remainder when 10935 is divided by 839.
28
Calculate the remainder when 3359 is divided by 836.
15
What is the remainder when 7269 is divided by 3628?
13
Calculate the remainder when 60492 is divided by 20156.
24
What is the remainder when 6458 is divided by 716?
14
Calculate the remainder when 6175 is divided by 4.
3
Calculate the remainder when 14073 is divided by 17.
14
Calculate the remainder when 1750 is divided by 200.
150
What is the remainder when 36279 is divided by 39?
9
What is the remainder when 34809 is divided by 590?
589
What is the remainder when 3043 is divided by 844?
511
What is the remainder when 63941 is divided by 203?
199
Calculate the remainder when 11145 is divided by 320.
265
Calculate the remainder when 26566 is divided by 8818.
112
What is the remainder when 668 is divided by 316?
36
Calculate the remainder when 1228 is divided by 68.
4
What is the remainder when 1070453 is divided by 542?
3
What is the remainder when 213499 is divided by 21?
13
Calculate the remainder when 3118 is divided by 1060.
998
Calculate the remainder when 20977 is divided by 32.
17
What is the remainder when 1091 is divided by 1074?
17
Calculate the remainder when 524857 is divided by 46.
43
Calculate the remainder when 11878 is divided by 3944.
46
What is the remainder when 4408 is divided by 199?
30
What is the remainder when 1241 is divided by 310?
1
Calculate the remainder when 5719 is divided by 12.
7
Calculate the remainder when 3560 is divided by 3426.
134
Calculate the remainder when 10975 is divided by 161.
27
What is the remainder when 13264 is divided by 490?
34
What is the remainder when 2526 is divided by 12?
6
What is the remainder when 168172 is divided by 88?
4
What is the remainder when 362082 is divided by 101?
98
What is the remainder when 126987 is divided by 212?
211
What is the remainder when 891534 is divided by 1621?
1605
Calculate the remainder when 374 is divided by 372.
2
What is the remainder when 28258 is divided by 75?
58
What is the remainder when 64994 is divided by 4989?
137
Calculate the remainder when 630499 is divided by 73.
71
What is the remainder when 72583 is divided by 150?
133
What is the remainder when 92344 is divided by 13191?
7
Calculate the remainder when 21272 is divided by 21267.
5
What is the remainder when 73050 is divided by 111?
12
What is the remainder when 27215 is divided by 378?
377
Calculate the remainder when 441 is divided by 180.
81
What is the remainder when 63777 is divided by 15925?
77
What is the remainder when 34144 is divided by 49?
40
What is the remainder when 5959 is divided by 51?
43
What is the remainder when 68338 is divided by 1068?
1054
Calculate the remainder when 91 is divided by 23.
22
What is the remainder when 24281 is divided by 2185?
246
What is the remainder when 39099 is divided by 25?
24
What is the remainder when 44505 is divided by 14?
13
Calculate the remainder when 46290 is divided by 293.
289
What is the remainder when 5782 is divided by 23?
9
What is the remainder when 7855 is divided by 3921?
13
What is the remainder when 13461 is divided by 141?
66
What is the remainder when 388941 is divided by 156?
33
What is the remainder when 262129 is divided by 284?
281
Calculate the remainder when 3113 is divided by 348.
329
What is the remainder when 17699 is divided by 101?
24
Calculate the remainder when 12471 is divided by 22.
19
Calculate the remainder when 38944 is divided by 16.
0
What is the remainder when 66076 is divided by 126?
52
What is the remainder when 1987 is divided by 224?
195
Calculate the remainder when 1882 is divided by 155.
22
What is the remainder when 1336674 is divided by 25?
24
What is the remainder when 66294 is divided by 105?
39
Calculate the remainder when 56687 is divided by 352.
15
Calculate the remainder when 120176 is divided by 47.
44
Calculate the remainder when 3864718 is divided by 15.
13
Calculate the remainder when 14963 is divided by 14887.
76
What is the remainder when 196828 is divided by 196814?
14
Calculate the remainder when 5997 is divided by 78.
69
What is the remainder when 1351 is divided by 452?
447
What is the remainder when 21723 is divided by 136?
99
What is the remainder when 6105 is divided by 3037?
31
What is the remainder when 9122 is divided by 33?
14
Calculate the remainder when 1408 is divided by 1404.
4
What is the remainder when 731 is divided by 481?
250
What is the remainder when 35418 is divided by 1073?
9
What is the remainder when 1254 is divided by 403?
45
Calculate the remainder when 2971 is divided by 739.
15
What is the remainder when 6626 is divided by 25?
1
What is the remainder when 17541 is divided by 2922?
9
Calculate the remainder when 20909 is divided by 119.
84
What is the remainder when 4746 is divided by 97?
90
What is the remainder when 12154 is divided by 4050?
4
Calculate the remainder when 1387136 is divided by 1516.
1512
What is 